= t - -28. What is the units digit of b?
8
Suppose 0 = 4*s - 6 - 2. What is the units digit of s?
2
Let u be 2 - (2 - 2)/2. Suppose u*h + 0*h = -4. What is the units digit of (15 - 0/(-1)) + h?
3
Suppose p + 38 = a + 4*p, a + p = 30. Let c = a - 11. What is the tens digit of c?
1
Let z(q) = -q**2 + 2*q - 2. Let v be z(5). Let i be 4/(-1) - -2 - v. Let a = i - 9. What is the units digit of a?
6
Suppose -3*q - 2*s + 43 = -79, -3*s = 3*q - 117. Let p = 15 - 10. Suppose -p*r = -r - q. What is the tens digit of r?
1
Let c(h) = h**2 + 4*h + 5. Let t be c(-2). What is the units digit of 4 + t + (-38)/(-2)?
4
Suppose 5*t - 4 - 61 = 0. What is the tens digit of t?
1
Let t(w) = -w**3 + 7*w**2 - 5*w + 2. Let p be 1*(-6)/2*-2. What is the units digit of t(p)?
8
Let d = 8 - -6. What is the units digit of d + -3*3/(-9)?
5
Suppose -4*i - 6*i = -2320. What is the tens digit of i?
3
Let r(v) = -v**3 + 6*v**2 + 11*v - 9. Let q(f) = -f**3 + f**2 + 7. Let g be q(0). Let k be r(g). Suppose k = 4*p - 13. What is the units digit of p?
8
Suppose 5*t = 3*j - 305, -j + 335 = 2*j + t. What is the units digit of j?
0
Let l(x) = -2*x + 2. Let p be l(6). What is the units digit of (-10)/(-3)*(-12)/p?
4
Let i = 5 + -4. Let b = 0 + i. Suppose -16 = -3*s - b. What is the units digit of s?
5
Let k = -3 - -10. What is the units digit of k?
7
Let x(y) = -y**2 - 7*y + 3. Let f be x(-7). Suppose 2*c - f = c. Suppose -c*z = -a - 13, 2*z - 1 = -5*a + 2. What is the units digit of z?
4
Suppose -30 - 72 = -3*r. What is the tens digit of r?
3
Suppose -3*z + 7*z = 8. Suppose 2*p - 4*q - 18 = -z, -5*p + 2*q + 64 = 0. What is the units digit of 4/16 - p/(-8)?
2
Let d(o) be the second derivative of o**5/20 - o**4/2 + o**3/3 + o**2/2 + 7*o. What is the tens digit of d(6)?
1
What is the units digit of (-3)/(-4) - (-126)/56?
3
Suppose -5*q + 2*g + 3 = -8, -10 = -4*q + g. Suppose 2*n - 54 = -4*c, 2*c + q*c - 4*n - 87 = 0. What is the tens digit of c?
1
Suppose 10 = 2*q - 4. What is the units digit of q?
7
Let f(u) be the third derivative of u**5/60 - u**4/6 + u**3/6 + u**2. What is the units digit of f(5)?
6
Suppose -4*l - 21 = -5*o, 7*l - 2*l = 4*o - 15. Let r be 13/6 - o/30. What is the units digit of 1*(r*7 + -1)?
3
Suppose -4*q = v + 5 - 84, 2*v - 2*q = 158. What is the units digit of v?
9
Let i = 70 - 50. What is the units digit of ((-8)/(-20))/(1/i)?
8
Suppose 0 = -2*p - 0*p + 4. Let i = 0 - p. Let h = i + 11. What is the units digit of h?
9
Let p(w) = 5*w + 32. What is the tens digit of p(7)?
6
Let q(g) = 62*g. What is the tens digit of q(1)?
6
Suppose 4*m - 3*x - 34 = 0, 3*m - 11 = 2*m + 2*x. Suppose m*l = 5*l + 192. What is the tens digit of 1/2*l/4?
1
Let u(f) = -f**3 + 6*f**2 + 7. Let s(z) be the first derivative of 2*z**3/3 + z**2 + 2*z - 1. Let v be s(-2). What is the units digit of u(v)?
7
Let u(q) = -q - 2. Let y be u(-2). What is the units digit of y - -1 - (-2 - 6)?
9
Let j(f) = f**3 + 9*f**2 + 7*f - 4. Let i be j(-8). Suppose -4 = -i*o, -2*g + 0 = -5*o + 1. What is the units digit of g?
2
Suppose 2*v + 4 + 1 = g, 3*v + 3*g = 15. Suppose d + k - 8 = 0, -k - 6 = -d - v*k. What is the units digit of d?
7
Let b(z) = -z**3 - 2*z + 1. Let f be b(1). Let d = 1 - f. What is the units digit of d?
3
Suppose -2*y = -164 - 94. Let l = -78 + y. What is the tens digit of l?
5
Let q(v) = -v**3 - 3*v**2 - 2*v - 4. Let i be q(-3). Suppose -i*b - 28 = -6*b. Suppose b = w + 3. What is the units digit of w?
4
Let n(d) = 7 - 3 - d**3 + d + 4*d**2 - 1. Let u = 6 - 2. What is the units digit of n(u)?
7
Suppose -3*n + 234 = 3*q, 0*n + 4*q = 5*n - 390. What is the units digit of n?
8
Suppose -4*k + 34 = -3*k. What is the tens digit of k?
3
Let u(p) = -p. Let z be u(-3). Suppose -a + z = -7. What is the tens digit of a?
1
Suppose 20 = 5*h - 0*h. Suppose -2*u = u + r - 33, h*u - r = 51. What is the tens digit of u?
1
Let j(w) = -w**3 + w**2 + 4. Let p be j(0). Let i = 5 - p. What is the units digit of i?
1
Suppose -5*q = -4*l + 36, 5*q + 10 + 10 = 0. Let f = 7 + 7. Suppose -l*o + f = -2*o. What is the units digit of o?
7
What is the tens digit of 2/(921/(-309) + 3)?
0
Let h = -2 + -4. Let i = -1 - h. Suppose -s - 12 = -i*f, 9 = f + 3*s - 3. What is the units digit of f?
3
Suppose -2*r + 5*s + 109 = -0*s, 0 = 5*r - 4*s - 264. What is the units digit of r?
2
Let m(q) = 5*q**2 - 5*q - 3. Let d be m(5). Suppose -d = -4*s - 21. What is the tens digit of s?
1
Let o(y) = -8*y - 9. What is the tens digit of o(-4)?
2
Suppose 3*k - j = -7, -3*k + 4*j = -4*k - 24. Let r be (-2)/k + 39/2. Suppose 4*h + h = r. What is the units digit of h?
4
Let k(w) = 2*w**2 + w - 1. Let c be k(-3). What is the units digit of ((-21)/c)/(2/(-4))?
3
Let y(q) = -q**3 + 9*q**2 + q - 7. Let l be y(9). Suppose -f = l*f. Suppose 0 = -4*k - f + 12. What is the units digit of k?
3
Let m(g) = g**2 - 7*g - 10. What is the tens digit of m(-6)?
6
Suppose -4 = -4*w, -4*g + 124 = g + 4*w. Suppose 2*q - 6*q = -g. What is the units digit of q?
6
Let h(d) = -d**3 + 9*d**2 - 5*d - 9. Let w be h(8). What is the units digit of 440/w + (-2)/(-3)?
0
Suppose 0 = 4*k - 170 - 58. What is the tens digit of k?
5
Let z(u) = -u + 13. Let j be (-122)/(-6) + (-8)/(-12). Let i be 6/j + 204/21. What is the units digit of z(i)?
3
What is the units digit of (6/(-9))/((-6)/135)?
5
What is the tens digit of 2/3 - (-1150)/75?
1
Let x(j) = j**2 - 6*j. Let s be x(6). Suppose -5*c + 2*c + 6 = s. Suppose c*q + 18 = 2*a, 0*q - 4*q = 4*a - 44. What is the units digit of a?
0
Suppose 2*u + 3*p - 240 = 0, -8*p + 5*p + 480 = 4*u. What is the tens digit of u?
2
What is the tens digit of 33 - 4*-4*2/(-16)?
3
Let l be 4/(-14) - 183/21. Let j = l - -14. What is the units digit of j?
5
Let c = -79 - -156. What is the units digit of c?
7
Suppose l - 2 = x - 3*l, -2*x - 4 = -4*l. Let z(v) be the third derivative of -v**6/120 - v**5/20 - v**4/12 + v**3/6 + 4*v**2. What is the units digit of z(x)?
1
Let l(k) = -k - 2. Suppose m + 7 - 4 = 0. What is the units digit of l(m)?
1
Let s(u) = -u**2 - 4*u - 1. Let r be s(-4). What is the units digit of r + (10 - (3 + -1))?
7
Let p(w) = -w**2 + 3*w + 4. Let l be p(3). Let n = 8 - l. Suppose -18 + n = -2*s. What is the units digit of s?
7
Let y(n) = -n**2 - 4*n + 1. Let x be y(-3). Suppose 4*u + x*v - 13 - 119 = 0, u = -4*v + 27. What is the tens digit of u?
3
What is the tens digit of 46 + (-12)/(16/4)?
4
Let f be 2/(-7) - (-130)/14. Let d(g) = g - 2. Let m be d(5). Suppose 4*s - 3*u = -8*u + 23, m*s = -u + f. What is the units digit of s?
2
Let x be (-303)/(-27) - 4/18. Let j = x - 9. Let l = 6 + j. What is the units digit of l?
8
Suppose 4*q = 2*q + 32. Suppose -3*y + 4*v + 24 = 0, -2*y + 0*v = v - q. What is the units digit of (3/2)/(4/y)?
3
Let m = 4 + -2. Let d(j) = -7*j**2 + 2*j**m - 2 + 3 - 6*j + j**3. What is the units digit of d(6)?
1
What is the units digit of 19 + 1 + 0 + -4?
6
Let y = -52 + 25. Let g = -15 - y. What is the units digit of g?
2
Let a = 32 - 5. What is the tens digit of a?
2
Let f(s) = -s + 11. Let n be f(12). What is the units digit of n/(-1*1/9)?
9
Let u = -4 + 9. Suppose -4*c + 21 = -u*q, 4*c = 2*q + q + 19. Let p = 7 - q. What is the units digit of p?
8
What is the units digit of (-93)/(-9) + 1/(-3)?
0
Suppose 2*y = l - 5 - 0, -6 = -3*y - 3*l. What is the tens digit of y + 1 - (-10 - 7)?
1
Let y = 35 + 93. What is the units digit of y?
8
Let n be (-192)/(-2) - (0 + -3). Suppose 2*c - n = 2*g + g, -2*g - 210 = -4*c. What is the units digit of c?
4
Let c be ((-9)/6)/((-2)/4). Suppose -17 = -c*h - g, 18 = 4*h + 5*g - 6*g. Suppose b - h*b - 5*s = -40, -2*s - 20 = -2*b. What is the units digit of b?
0
Let u be 1 - 45 - (1 - 1). What is the tens digit of 7 - u - -1*2?
5
Let c(b) = 19*b + 1. Let y be c(1). Let v be 46/10 + 8/y. Suppose v*k - 4*i = -6 + 49, 22 = 2*k - 4*i. What is the units digit of k?
7
Suppose -h = 3*k - 19, 5*h + 8*k - 45 = 3*k. Suppose -2*z + 53 = -x - 0*x, -h*z + 103 = -3*x. What is the units digit of z?
8
Let p(d) = 6*d - 6. What is the units digit of p(18)?
2
Let x = 7 + -7. Suppose x*z + 8 = 4*z. Suppose 3*w + 19 = 2*s, z*w = 3*s - 8 - 8. What is the units digit of s?
2
Let x(o) = -20*o - 16. What is the units digit of x(-3)?
4
Let d = 23 - 38. Let u = d + 32. What is the units digit of u?
7
Le